True
Is 1383 composite?
True
Is 181183 composite?
False
Is 123626 a composite number?
True
Is 421871 a prime number?
False
Is 15551 prime?
True
Is 125065 composite?
True
Is 53211 a prime number?
False
Is 5051 a prime number?
True
Is 879 composite?
True
Is 171439 a composite number?
False
Is 159 prime?
False
Is 2179 a prime number?
True
Is 8926 a prime number?
False
Is 293361 composite?
True
Is 115953 prime?
False
Is 6947 prime?
True
Is 5737 composite?
False
Is 3277 a prime number?
False
Is 13894 a composite number?
True
Is 269129 a prime number?
False
Is 23137 composite?
True
Is 50174 a prime number?
False
Is 2127 prime?
False
Is 39778 a composite number?
True
Is 295 prime?
False
Is 67169 composite?
False
Is 163499 a composite number?
True
Is 6623 prime?
False
Is 1606597 prime?
True
Is 1002619 a composite number?
False
Is 108727 a composite number?
False
Is 53563 a composite number?
True
Is 485819 a composite number?
False
Is 270491 a composite number?
True
Is 267473 prime?
False
Is 147689 a prime number?
True
Is 4553153 composite?
True
Is 9407 a composite number?
True
Is 611389 a composite number?
False
Is 495811 a composite number?
True
Is 103679 composite?
True
Is 100129 a composite number?
False
Is 72017 composite?
True
Is 41369 composite?
True
Is 161877 composite?
True
Is 748379 composite?
False
Is 40861 prime?
False
Is 20191 composite?
True
Is 13667 composite?
True
Is 4583 composite?
False
Is 369481 a prime number?
False
Is 20697 a composite number?
True
Is 80137 a prime number?
False
Is 2362 prime?
False
Is 52489 a composite number?
False
Is 388459 a prime number?
True
Is 17905 prime?
False
Is 96505 composite?
True
Is 696107 prime?
True
Is 753891 a prime number?
False
Is 3671 composite?
False
Is 131739 composite?
True
Is 108343 a composite number?
False
Is 10667 a prime number?
True
Is 4213279 prime?
False
Is 53839 prime?
False
Is 3967 a prime number?
True
Is 79657 a composite number?
False
Is 227747 composite?
True
Is 211 prime?
True
Is 17773 a prime number?
False
Is 13093 a composite number?
False
Is 164569 prime?
True
Is 1343 composite?
True
Is 5413 prime?
True
Is 869591 prime?
False
Is 295451 prime?
False
Is 1246265 a prime number?
False
Is 474901 composite?
True
Is 37463 a composite number?
False
Is 85297 composite?
False
Is 1264363 a composite number?
False
Is 1885847 prime?
True
Is 96431 composite?
False
Is 828473 a composite number?
True
Is 9461 a composite number?
False
Is 360123 prime?
False
Is 104071 a composite number?
True
Is 96713 a composite number?
True
Is 168269 a composite number?
False
Is 78491 composite?
True
Is 296473 a composite number?
False
Is 11215 a prime number?
False
Is 23726 prime?
False
Is 30293 composite?
False
Is 91493 prime?
True
Is 907 prime?
True
Is 35701 prime?
False
Is 10430819 a prime number?
False
Is 62494 a prime number?
False
Is 490697 prime?
True
Is 3511 composite?
False
Is 10651 a prime number?
True
Is 42613 a composite number?
True
Is 123 composite?
True
Is 98533 a prime number?
True
Is 29789 prime?
True
Is 6989 a composite number?
True
Is 7063 prime?
False
Is 802661 a prime number?
True
Is 515671 a prime number?
False
Is 43541 a prime number?
True
Is 293021 prime?
True
Is 1361 prime?
True
Is 235723 a composite number?
False
Is 5435 composite?
True
Is 14123 composite?
True
Is 362503 a composite number?
True
Is 219251 a composite number?
False
Is 1074939 a composite number?
True
Is 1608841 a composite number?
True
Is 222671 composite?
True
Is 31111 a prime number?
False
Is 2941 prime?
False
Is 967 a prime number?
True
Is 9271 prime?
False
Is 566737 prime?
True
Is 59833 a composite number?
False
Is 75851 prime?
False
Is 26591 composite?
False
Is 91673 a composite number?
False
Is 34229 a composite number?
True
Is 1499 composite?
False
Is 20647 a prime number?
False
Is 32749 a prime number?
True
Is 150707 prime?
True
Is 582689 a prime number?
True
Is 14923 prime?
True
Is 140327 prime?
False
Is 4322 prime?
False
Is 108653 a composite number?
True
Is 2729 composite?
False
Is 32749 composite?
False
Is 1757 a prime number?
False
Is 29338 a prime number?
False
Is 5878 a prime number?
False
Is 20467 a composite number?
True
Is 150859 prime?
False
Is 212507 composite?
False
Is 96639 prime?
False
Is 20021 prime?
True
Is 163099 a composite number?
True
Is 515311 a composite number?
False
Is 2987 prime?
False
Is 211999 a composite number?
True
Is 5897 a prime number?
True
Is 11801 a composite number?
False
Is 10301 prime?
True
Is 955 prime?
False
Is 1889 a composite number?
False
Is 67138 a prime number?
False
Is 86209 a composite number?
False
Is 38149 a prime number?
True
Is 71633 a prime number?
True
Is 3062229 a prime number?
False
Is 127 composite?
False
Is 17519 composite?
False
Is 179 prime?
True
Is 558307 prime?
True
Is 3261 a composite number?
True
Is 36353 a composite number?
False
Is 19531 composite?
False
Is 21083 composite?
True
Is 27011 prime?
True
Is 1757 prime?
False
Is 56843 a prime number?
True
Is 146722 prime?
False
Is 71917 composite?
False
Is 16923 composite?
True
Is 4061 composite?
True
Is 47563 a composite number?
False
Is 6521 composite?
False
Is 10289 prime?
True
Is 7169 a prime number?
False
Is 652153 composite?
False
Is 1493591 composite?
True
Is 8053 prime?
True
Is 52237 prime?
True
Is 14699 composite?
False
Is 8263 composite?
False
Is 67021 composite?
False
Is 142661 composite?
True
Is 1373 a composite number?
False
Is 15277 a prime number?
True
Is 211957 composite?
True
Is 2098885 a prime number?
False
Is 40993 a prime number?
True
Is 17783 composite?
False
Is 191993 prime?
False
Is 455201 prime?
True
Is 6779 a prime number?
True
Is 28099 a composite number?
False
Is 1468387 prime?
True
Is 579041 prime?
False
Is 23659 a composite number?
True
Is 579737 prime?
True
Is 623173 prime?
False
Is 22853 prime?
True
Is 1098605 composite?
True
Is 603203 a prime number?
True
Is 55103 prime?
True
Is 411871 a composite number?
True
Is 48607 a prime number?
False
Is 123313 a prime number?
False
Is 164041 a prime number?
False
Is 69707 a composite number?
True
Is 75535 a prime number?
False
Is 32869 prime?
True
Is 18883 prime?
False
Is 1468615 prime?
False
Is 505477 a composite number?
True
Is 30551 a composite number?
True
Is 1623011 composite?
True
Is 45367 a composite number?
True
Is 123859 composite?
True
Is 255067 a composite number?
True
Is 24937 a prime number?
False
Is 6029 a prime number?
True
Is 3457 prime?
True
Is 1503703 a prime number?
False
Is 87085 composite?
True
Is 1069217 a prime number?
True
Is 4616987 prime?
False
Is 1115 a composite number?
True
Is 1193791 a prime number?
False
Is 22853 prime?
True
Is 98491 prime?
True
Is 6731 composite?
True
Is 1366249 a composite number?
True
Is 611005 composite?
True
Is 625087 a prime number?
True
Is 379 a prime number?
True
Is 883993 prime?
False
Is 17461 composite?
True
Is 250301 composite?
False
Is 39499 prime?
True
Is 2267 a prime number?
True
Is 8759 composite?
True
Is 86969 composite?
False
Is 1454 a composite number?
True
Is 141859 composite?
True
Is 9901 a composite number?
False
Is 44059 composite?
False
Is 3821 prime?
True
Is 2917693 composite?
True
Is 65347 a prime number?
False
Is 161485 a composite number?
True
Is 49909 prime?
False
Is 4385 prime?
False
Is 64451 composite?
False
Is 5003 a composite number?
False
Is 1238491 a composite number?
False
Is 41414 prime?
False
Is 1459981 prime?
False
Is 62462 composite?
True
Is 474479 composite?
False
Is 7499 a prime number?
True
Is 347 prime?
True
Is 8159 prime?
False
Is 1293 a composite number?
True
Is 106537 a prime number?
True
Is 121677 prime?
False
Is 433931 a composite number?
False
Is 145283 a prime number?
True
Is 86155 a prime number?
False
Is 72829 prime?
False
Is 16301 composite?
False
Is 11749 prime?
False
Is 88405 prime?
False
Is 248851 composite?
False
Is 752177 a prime number?
True
Is 125563 a prime number?
False
Is 10757 composite?
True
Is 2927 a prime number?
True
Is 36833 a composite number?
False
Is 452857 prime?
True
Is 790013 a composite number?
True
Is 47111 a prime number?
True
Is 49307 a prime number?
True
Is 39341 composite?
False
Is 1001267 a composite number?
False
Is 167285 a composite number?
True
Is 51046 prime?
False
Is 24793 composite?
False